t x be ((-3)/(-4))/((-4)/(-32)). Suppose 2*m - x = -m. List the prime factors of (62/4 + -1)*m.
29
Let m(z) = z + 9. Let q be m(-4). Suppose c + 43 = 2*c - q*d, c - 25 = -4*d. Let g = c - -3. What are the prime factors of g?
2, 3
Let u = 104 - -303. List the prime factors of u.
11, 37
Let k = -68 + 369. List the prime factors of k.
7, 43
Let s(v) = -v**3 - 9*v**2 - v + 13. Let f be s(-10). Suppose -3*w + 69 = -3*b - f, 5*w + b - 296 = 0. Suppose c + c = w. What are the prime factors of c?
2, 3, 5
List the prime factors of 0 - (-836 + -31 - (-2)/1).
5, 173
Let f = 8 - 13. Let b be (15 - f) + (-2 - -5). Let d = b + 8. List the prime factors of d.
31
Let p(a) = -a**3 - 5*a**2 - 3*a - 7. Let l be p(-4). Let t(w) = -w**3 - 8*w**2 + 17*w - 4. What are the prime factors of t(l)?
2, 43
Let o be (-5*6 - -4) + -2*1. Let z = 5 - 7. Let w = z - o. What are the prime factors of w?
2, 13
Let p = 2390 + -1366. What are the prime factors of p?
2
Suppose -5*z + 32 = 3*x + 9, 4*x = -3*z + 16. Suppose 10*j = 11*j - z. Let f = j + -2. What are the prime factors of f?
2
Suppose -2*z = -3*f + 32, 0*z = 4*z - 3*f + 58. Let u(j) = -j**2 - 6*j - 11. Let d be u(-3). List the prime factors of (d/6)/(z/195).
5
Let z = 522 - 160. What are the prime factors of z?
2, 181
Suppose 3*m = 6424 + 1235. List the prime factors of m.
3, 23, 37
Suppose 3*y - 2085 = -0*y. Suppose -67*z = -72*z + y. List the prime factors of z.
139
Let l(n) = -n - 15. Let s be l(-17). Suppose s*a - 4*a + 98 = 0. List the prime factors of a.
7
Let g be (5/(-3))/((-45)/54). Suppose 2*p + 5*m = -g, 2*p - 5 = m + 5. Suppose 6 = -p*a + 30. List the prime factors of a.
2, 3
List the prime factors of (-74)/(-111) + 3/((-18)/(-332)).
2, 7
Suppose -9*k + 4*c + 4924 = -4*k, k = -4*c + 980. What are the prime factors of k?
2, 3, 41
Let v be (-12)/15 - (-261)/45. Suppose -5*y + 325 = v*b, -6*y = -4*y. What are the prime factors of b?
5, 13
Suppose -5*a + 24261 = -2*g + 7409, 4*a + 2*g - 13496 = 0. List the prime factors of a.
2, 3, 281
What are the prime factors of (-9)/(108/2864)*(-6)/2?
2, 179
Let j = -353 + 390. What are the prime factors of j?
37
Suppose 5*y + 414 = 7*y. Suppose y = 6*l - 153. List the prime factors of l.
2, 3, 5
Let x(q) = -2*q**3 - q**2 + 6*q + 17. What are the prime factors of x(-4)?
3, 5, 7
Suppose -r + 322 = -332. Suppose 3*i - r = -3*i. What are the prime factors of i?
109
Let x(h) = h**2 + 2*h + 3*h + 5 + 3 - h**3 + 4*h**2. Suppose -22 = -4*t + f, 4*f = 12 - 4. What are the prime factors of x(t)?
2
Let g be (3 + (3 - 2) - 3)*5. Suppose 0 = -g*y + 217 + 373. What are the prime factors of y?
2, 59
List the prime factors of (-1 - 1)*5315/(-10).
1063
List the prime factors of 18996/(-8)*(-8)/12*1.
1583
Let k be 374/3 + 22/(-33). Let j be (-2)/(178/(-174) + 1). Let i = k - j. What are the prime factors of i?
37
Let u = 10 + 12. Let b = u - 20. What are the prime factors of b?
2
Let z(u) = -2*u**2 + 9*u + 20. Let o be z(6). Suppose 2*m - 8 = -o*v + 3*v, -3*v = -2*m + 8. What are the prime factors of m?
2
Let b(n) = n**3 + 7*n**2 - n - 19. Let u be (0/(-2))/(-6 + 4) - 6. List the prime factors of b(u).
23
Let q = 1247 - -945. What are the prime factors of q?
2, 137
Let b be ((-3)/1)/(33/(-22)). What are the prime factors of b/(-6) + 954/27?
5, 7
Suppose 29*v - 47737 = -2294. List the prime factors of v.
1567
Suppose 5*w = 3*s + 221, -s + 0 - 2 = 0. Let i = w + 42. List the prime factors of i.
5, 17
Let i = 2 + -2. Suppose 3*u = h + 27, 2*u = -i*h - 3*h + 7. List the prime factors of u.
2
Let k(r) = -49*r**2 + r - 1. Let u be k(1). Let p be (u/(-28))/((-2)/8). Let s = p - -20. List the prime factors of s.
13
Let k(w) = -4*w**3 + 4*w**2 - 2*w. Let j be k(2). Let g be (2 + -5)/((-12)/176). Let h = g + j. What are the prime factors of h?
2, 3
Let k = -3 + -3. Let i be 81/k*4/(-6). List the prime factors of (-4)/(-3)*i/6.
2
Suppose 2*l = 5 - 7. Let a(j) = -15*j + 2. Let y be a(l). Let u(v) = 4*v - 24. List the prime factors of u(y).
2, 11
Let z(m) = 2*m**2 - 2*m + 1. Let a be (3 + 0 + 0)/1. Suppose -a*b + 3 + 3 = 0. What are the prime factors of z(b)?
5
Suppose 2 + 8 = -2*o, 5*g = 3*o - 10. Let n(i) = 3*i**2 - 12*i - 4. List the prime factors of n(g).
131
Let b = -44 - -48. Suppose 3*x = 8*x - 5*r - 20, 3*x + b*r = 26. List the prime factors of x.
2, 3
Suppose 2*b = 3*o + 2*o - 33, 0 = b + 2*o - 6. Let x(k) = -26*k - 12. Let z(u) = 13*u + 6. Let j(s) = -2*x(s) - 5*z(s). List the prime factors of j(b).
2, 23
Suppose 0 = 5*j - 5 - 5. Suppose 5*c = -9*c - 2380. What are the prime factors of c/(-5) + -4 - j?
2, 7
Let j = 70 + -68. Let k(s) = -s**2 + 11*s + 9. Let m be k(-7). What are the prime factors of j/(-13) + (-1539)/m?
13
List the prime factors of (-12 - (2 - 2))*(-483)/42.
2, 3, 23
Suppose -5*m - i + 62 = 0, 4*m - i - 32 = 14. What are the prime factors of 884/16 - 3/m?
5, 11
Let h(o) = 4*o**3 - o**2. Let a be h(1). Suppose f + 1 = a*n + 6, 3*f + 2*n - 26 = 0. What are the prime factors of f?
2
Let y(z) = 48 - z - 18 - 15. Let l be y(9). What are the prime factors of 39/6 - (-3)/l?
7
Let o = 12 - 0. List the prime factors of (1000/o)/((-2)/(-6)).
2, 5
Let h(b) = b**2 - 10*b - 55. What are the prime factors of h(21)?
2, 11
Let n = 3213 - 2981. What are the prime factors of n?
2, 29
List the prime factors of 2*(-6)/84 - 14060/(-28).
2, 251
Let l(q) = -10*q**3 - 6*q**2 + 65. List the prime factors of l(-6).
7, 41
What are the prime factors of 158*(22 - 0)*(-1)/(-2)?
2, 11, 79
Let l(f) = -15*f - 15. Let o(y) = y + 1. Let v(s) = l(s) + 4*o(s). What are the prime factors of v(-3)?
2, 11
Let d be ((-3)/6)/(2/12188). List the prime factors of d/(-55) + (-6)/(-10).
2, 7
Suppose 89628 = 2*d + 40*d. List the prime factors of d.
2, 11, 97
Let c = 2106 + -963. What are the prime factors of c?
3, 127
Let x(o) = -o**2 + 2*o + 28. Suppose -3*i - 12 = 5*n + i, 4*n - 12 = 4*i. What are the prime factors of x(n)?
2, 7
Suppose -2 = 5*i - 6*i, 0 = g + 4*i + 23. Let v = 11 - g. List the prime factors of v.
2, 3, 7
Let t = 1 - -1. Suppose -v = z - 3*z - 5, -3*v = t*z - 31. Let q = v + -4. List the prime factors of q.
5
Suppose 0 = -j + u + 15, -5*j + 20 + 28 = 4*u. List the prime factors of 400/6 - j/(-36).
67
Let s = 257 - 185. List the prime factors of s.
2, 3
Suppose -4*m = -5*j + 63 - 207, 2*j + 4*m = -80. Let r = j - -60. What are the prime factors of r?
2, 7
Let a(t) = -t + 10. Let j be a(-6). List the prime factors of 1894/26 + j/104.
73
Suppose 79655 - 234420 = -65*z. What are the prime factors of z?
2381
Suppose 4*f = 2*f + 14. Suppose 3*m = f*m + 40. Let a(h) = h**3 + 10*h**2 - 4*h + 9. List the prime factors of a(m).
7
Suppose 0 = -3*c - l + 15, 0*l + 2*l = -c. Suppose 0 = 4*b - 20, 0 = -4*z - 4*b - c + 170. List the prime factors of z.
2, 3
Let z(b) = -2*b - 6. Let u be z(-3). Suppose -4 = 4*w, 2*s + u*w - 43 = -3*w. Suppose -4*i = -3*i - s. List the prime factors of i.
23
Suppose -3 = -o - 0. What are the prime factors of o/(-15) + 948/15?
3, 7
Let k(c) = c**3 - 7*c**2 + 5. Let h be 4/26 + (-89)/(-13). Let a be k(h). Suppose a*w = 3*l + 2*w - 48, -3*w - 37 = -2*l. List the prime factors of l.
11
Let j = 7 + -5. Let u be 2 - (j - 6) - 2. Suppose u*l - 72 = -0*l. What are the prime factors of l?
2, 3
Suppose 0 = 3*x - 1362 - 612. List the prime factors of x.
2, 7, 47
Let y(u) = -9*u - 10. Let h = -14 + 14. Suppose h*q - 4 = q. What are the prime factors of y(q)?
2, 13
Let u(p) be the third derivative of -7*p**4/24 + 11*p**3/3 - 9*p**2. List the prime factors of u(-24).
2, 5, 19
Let o(n) = n**2 + 1. Let r(q) = -5*q**3 + 6*q**2 - q + 2. Let i(k) = 4*o(k) - r(k). List the prime factors of i(2).
2, 3
Let d = 134 - 188. Let b = d + 103. What are the prime factors of b?
7
What are the prime factors of (2960/(-24))/((-2)/24)?
2, 5, 37
Let h(r) be the second derivative of r**4/12 - r**3/3 - 7*r**2 + r. Let o(n) = n**2 + 20*n - 89. Let c be o(-24). What are the prime factors of h(c)?
3, 7
Let k(o) = o**3 - 35*o**2 + 133*o + 41. What are the prime factors of k(32)?
5, 7
Let p = 80 - 46. Let z = -17 + p. What are the prime factors of z?
17
List the prime factors of 40/140 - 26624/(-14).
2, 3, 317
Let z be 29/(-3) + 3/(-9). Let s(y) = y**2 + 11*y + 15. Let n be s(z). Suppose 30 = 6*o - n*o - 3*w, 0 = 4*w - 12. Wh